w?
4
Let s be ((-8)/(-16))/(141/72 + -2). Let b be 480/s - (-2 + 1 + 1). Let k = 43 - b. What is the units digit of k?
3
Suppose -19*a - 468 = -25*a. Let n = a + -73. Suppose 5*z - 390 = -5*x, 0 = n*x - 0 + 15. What is the tens digit of z?
8
Suppose -39*j = -37*j - 5*i - 868, 4*j + 2*i = 1712. Suppose c + 0*o + 211 = -o, -o - 5 = 0. Let r = c + j. What is the tens digit of r?
2
Let n = -379 + 381. Suppose -4*y + 5*w = -2832, -5*y + n*w + w + 3553 = 0. What is the hundreds digit of y?
7
Let f(m) = 2*m**2 + 40*m - 7. Let h be f(-28). Let r = -233 + h. What is the hundreds digit of r?
2
Suppose 23121 = 87*v - 80*v. What is the hundreds digit of (v/(-27))/((-2)/6) + -4?
3
Let k = -98 + 108. Suppose 385 = j + 2*l, -l = -3*l + k. Suppose 0 = 2*i + 125 - j. What is the tens digit of i?
2
Let l be 6*7/(-21) - 34. What is the units digit of 9/(l/56)*(0 + -7)?
8
Let u(n) = -17073*n**3 - 6*n**2 + 2*n + 3. What is the thousands digit of u(-1)?
7
Let q be (102/68 + 1/(-2))*0. Suppose q = -7*l + 3081 + 1770. What is the tens digit of l?
9
Suppose 40*p - 471420 = 25*p. What is the tens digit of p?
2
Let z be 30/(-8) - 3/12. Let q be ((8/2)/z)/(2/8). What is the units digit of q + (3 - 4 - -169)?
4
Let r = 10007 + -3067. Suppose 7*q - 8*q - r = 0. What is the tens digit of q/(-55) - 2/11?
2
Suppose -1813 - 3435 = -8*x. Let f = x + -427. What is the hundreds digit of f?
2
Let a be (-1)/(14/(-4)) - (-1040)/182. Let f be (a - 7)*(1 - 0). Let l(r) = -169*r**3 + 3*r**2 + 3*r. What is the tens digit of l(f)?
6
Suppose 4778*g - 4782*g + 81236 = 0. What is the ten thousands digit of g?
2
Suppose -5*q + 5*i + 56 = -6*q, -3*i - 3 = 0. What is the units digit of (-3 + (-4 - q))*5?
0
Let l(y) = 121*y - 143. Suppose -480 = 8*b - 608. What is the hundreds digit of l(b)?
7
What is the units digit of 10150734/363 + (6/5)/((-110)/(-50))?
4
Suppose -54974 = -19*z + 11051. Suppose 0*y = 3*r + 2*y - 2110, -z = -5*r + 5*y. What is the hundreds digit of r?
7
Let v(o) = 15*o**2 + 9*o + 9. Let m be v(9). Suppose 305 + m = -5*s. What is the units digit of (-24)/120 + s/(-10)?
2
Let g be (-38)/(-95) - 4/10. Suppose -5*u + 21*u - 32 = g. What is the tens digit of 238/u*1/3*3?
1
Let p = 21 + -18. Suppose -17 = 7*o - p. Let r(a) = -8*a**3 - a**2 + 4*a + 7. What is the tens digit of r(o)?
5
Let n = -6800 + 14897. What is the thousands digit of n?
8
Let v(l) = 40*l**2 + 108*l - 10. What is the hundreds digit of v(-10)?
9
Let h be (3/(-9))/((-3)/54). Let d = h - 2. Suppose 0 = 5*k - d*u - 1 + 4, 3*k - 5*u = -7. What is the units digit of k?
1
Suppose 0 = 5*r + j - 549, 2*r + 4*j - 436 = -2*r. Suppose 2*q = 2*b + 180, q + 0*q - r = -4*b. What is the units digit of q?
4
Let c(r) = -r**3 + 41*r**2 - 58*r - 88. What is the units digit of c(36)?
4
Suppose 0 = -18*c + 7*c + 33. Suppose -d + c*d = -o, 10 = 4*o - 2*d. Suppose -o*r = f + 4*f - 167, 0 = r + 3*f - 81. What is the units digit of r?
6
Suppose 4*p = 3*w + 163266, -7*p - 2*w = -12*p + 204079. What is the ten thousands digit of p?
4
Suppose -4*w - 2*x = -3340, 4*w = -w - 4*x + 4169. Let f be (-1)/(1/9) - -12. Suppose -l - 210 = -v, -v + l + w = f*v. What is the units digit of v?
9
Let b(t) = -3*t**2 - 9*t - 1. Let h be b(3). Let u = 58 + h. Suppose 3*v = -v + u*m + 556, 3*v = 5*m + 428. What is the units digit of v?
6
Suppose 21*k - 3*r - 17543 = 19*k, -3*k = -r - 26332. What is the thousands digit of k?
8
Suppose 14202 = 5*u - 10*u - 4*m, 0 = u + m + 2841. What is the hundreds digit of (-3 + 4 - -1)/((-12)/u)?
4
Let m(s) = -6*s**3 - 5*s**2 + 15*s + 3. Let q be m(-8). Suppose 21*p = q + 851. What is the units digit of p?
6
Let n(s) = s**3 - 4*s**2 - 8*s - 20. Let l be n(6). Suppose -3*a - 5 = l. What is the tens digit of 5*a*(-198)/54?
5
Let u(x) = 833*x + 155. What is the tens digit of u(1)?
8
Let t be ((-65)/117)/((-3)/27). Suppose 0 = 4*c - 4 - 0, -5*w = -t*c - 7125. What is the thousands digit of w?
1
Suppose -3*x - 2*x + 2315 = 3*u, -5*u + x + 3821 = 0. Let d = -490 + u. What is the hundreds digit of d?
2
Let d(q) = 5*q - 156. Let h be d(37). Let w = 830 + h. What is the hundreds digit of w?
8
Let q(f) = -f**3 - 16*f**2 - 48*f - 11. Let k be q(-12). Let t(x) = 2*x**3 + 27*x**2 + 35*x - 16. What is the units digit of t(k)?
4
Let o(f) = -3*f**2 + 7. Let j(n) = -n**2 - 1. Let k(u) = 4*j(u) + o(u). Let t be k(-5). Let h = t + 330. What is the hundreds digit of h?
1
Suppose -5*m + h + 209656 = 0, -h + 83868 = 1380*m - 1378*m. What is the tens digit of m?
3
Let o(d) = 9837*d + 4184. What is the tens digit of o(7)?
4
Let u be 3 + (0 - -48) + (-17 - -14). Suppose b + 192 = -t, 4*b + u = -t - 159. Let m = 319 + t. What is the hundreds digit of m?
1
Let v = 46721 - 26907. What is the ten thousands digit of v?
1
Let t(n) be the second derivative of 61*n**3/6 + 87*n**2/2 + 6*n + 2. What is the tens digit of t(8)?
7
Let p(y) = -4867*y - 3788. What is the units digit of p(-4)?
0
Let l(k) = 129*k**3 + 7*k**2 + 4*k - 40. What is the thousands digit of l(7)?
4
Let v(s) = -3*s + 33. Let w(y) be the second derivative of y**3/3 + 11*y**2 - 32*y. Let a be w(-11). What is the units digit of v(a)?
3
Let y be ((-39)/6 + 2)/((-3)/(-404)). Let i = 949 + y. What is the units digit of i?
3
Suppose 188*z - 555394 = 174*z. What is the ten thousands digit of z?
3
Let g = -65 + 67. Suppose g*o - 40 = -30. Suppose 10*c - 5*c - 200 = -5*k, 0 = o*k + 15. What is the tens digit of c?
4
Suppose 3*y + 6*y = 63. Suppose y*w - 14 = -0. Suppose w*v + 8*v = 870. What is the units digit of v?
7
Let i(z) = 18*z - 195. Let h be i(11). Let n(x) = 357*x + 21. What is the units digit of n(h)?
2
Suppose -z = -4*j + 346, 2*z + 648 = -29*j + 26*j. Let a = 408 - z. What is the units digit of a?
8
Let f(x) = -2*x**2 - 45*x - 58. Let a be f(-21). Let t(u) = 2*u**2 + 6*u + 7. What is the tens digit of t(a)?
8
Let d be ((-20502)/136)/(-1*6/400). What is the hundreds digit of (1/(-2))/1*d/(-15)?
3
Let n be (21/6)/(3/(3 - -3)). Suppose -23 + n = -2*o. Suppose x + o*r = 3*r + 63, -5*x + 5*r + 315 = 0. What is the units digit of x?
3
Let j be ((-164)/6)/(6/(-9)). Suppose 2*p = 31 + j. Suppose -370 = p*h - 41*h. What is the units digit of h?
4
Let y = 1303 + -728. Suppose -2*x + 738 = 2*c, -x + 166 = 2*c - y. What is the hundreds digit of c?
3
Let r(m) = -8 - m + 6*m**2 + m**3 + 0*m**2 - 7*m**2. Let o be r(5). What is the units digit of (4/(-18)*-3)/(2/o)?
9
Let g = 10287 - 4372. What is the thousands digit of g?
5
What is the units digit of 6*(-2)/3 - -1 - (2 + -4572)?
7
Suppose 39459 = -10*j + 160519. Suppose j - 1762 = 8*c. What is the hundreds digit of c?
2
Let d = -43 + 36. Let p be (-4)/18 + d + (-1364)/18. Let i = p - -138. What is the tens digit of i?
5
Let y = 2274 + 13198. What is the units digit of y?
2
Suppose -3*j - 16896 = -2*z, -11*z - 4*j - 25346 = -14*z. What is the thousands digit of z?
8
Let l = 31 - 30. Let w be (l - -1 - -57) + 2 + -5. What is the units digit of (1*w/12)/((-6)/(-207))?
1
Suppose 5*c - 6*c - 189 = -k, 2*c = -4*k + 750. What is the tens digit of k - -3*(-56)/24?
8
Suppose 0 = m - 7, -4*m - 24652 = 3*l - 8*l. What is the thousands digit of l?
4
Let x(c) = -22*c - 52. Let p be x(-4). Suppose 30*i + 36 = p*i. What is the units digit of i?
6
Suppose -409 - 401 = 9*t. Let n = 234 + t. What is the tens digit of n?
4
Let x be 2/5 + 5764/(-10). Let a = x - -742. What is the hundreds digit of a?
1
Let k(i) = i**3 - 22*i**2 + 8*i + 110. What is the tens digit of k(23)?
2
Let j(q) = 12*q**2 - 139*q + 107. What is the units digit of j(22)?
7
Let d(b) = 11168*b - 170. What is the thousands digit of d(3)?
3
Let c(y) = 29*y + 37. Let u be c(11). Suppose -v = -q + u, -5*q + 1789 = -0*q - 2*v. What is the tens digit of q?
5
Suppose -13*t + 15*t + 68131 = 5*j, -5*j - 3*t = -68116. What is the thousands digit of j?
3
Suppose 9*o = -4*k + 6*o + 14183, -3*k + 10639 = 2*o. What is the units digit of k?
1
Suppose 3*r - 102394 = -5*s - 23787, -131023 = -5*r + 3*s. What is the ten thousands digit of r?
2
Let c(l) = 609*l**2 + 102*l - 662. What is the ten thousands digit of c(6)?
2
Suppose 1510885 + 1152147 = 353*b. What is the units digit of b?
4
Suppose f - 6*f + 20 = 0. Suppose 0 = -4*a - 0*a + f*t + 20, 2*t = -4*a - 10. Suppose u = -a*u + 98. What is the units digit of u?
8
L